{"id":143,"date":"2016-06-20T07:48:11","date_gmt":"2016-06-20T07:48:11","guid":{"rendered":"http:\/\/sw-themes.com\/porto_dummy\/?page_id=143"},"modified":"2021-06-25T09:49:27","modified_gmt":"2021-06-25T07:49:27","slug":"home","status":"publish","type":"page","link":"http:\/\/www.escayolasdesangines.com\/web\/","title":{"rendered":"Inicio"},"content":{"rendered":"<p>[vc_row wrap_container=&#8221;yes&#8221; is_section=&#8221;yes&#8221; section_skin=&#8221;parallax&#8221; remove_margin_top=&#8221;yes&#8221; remove_margin_bottom=&#8221;yes&#8221;][vc_column][vc_custom_heading text=&#8221;Escayolas de San Gin\u00e9s&#8221; use_theme_fonts=&#8221;yes&#8221;][vc_column_text el_class=&#8221;m-b-lg&#8221;]<em><strong>Dedicados<\/strong><\/em> <em><strong>desde<\/strong> <strong>1980<\/strong><\/em> a la fabricaci\u00f3n de materiales de construcci\u00f3n en escayola. Hoy somos la empresa que lidera el sector en la <strong>Regi\u00f3n de<\/strong> <strong>Murcia<\/strong>. Nuestros esfuerzos continuados en mejorar y satisfacer a un mercado cada d\u00eda m\u00e1s exigente y competitivo ha ido adaptando la empresa a las cambiantes necesidades de la construcci\u00f3n, estando siempre en primera l\u00ednea en cuanto a innovaci\u00f3n y oferta para nuestros clientes, a los que cada d\u00eda hemos podido ofrecer los mejores productos y servicios del mercado.[\/vc_column_text][\/vc_column][\/vc_row][vc_row full_width=&#8221;stretch_row_content_no_spaces&#8221;][vc_column][vc_gallery interval=&#8221;5&#8243; images=&#8221;829,834,835,831,828,832,833,830,826,827,825&#8243; img_size=&#8221;large&#8221;][\/vc_column][\/vc_row][vc_row wrap_container=&#8221;yes&#8221; is_section=&#8221;yes&#8221; remove_margin_top=&#8221;yes&#8221; remove_margin_bottom=&#8221;yes&#8221; remove_border=&#8221;yes&#8221;][vc_column][vc_custom_heading text=&#8221;Nuestros <strong>Servicios<\/strong>&#8221; use_theme_fonts=&#8221;yes&#8221;][vc_row_inner][vc_column_inner width=&#8221;1\/3&#8243;]<div class=\"porto-sicon-wrapper text-left style_1\"><div class=\"porto-sicon-box top-icon\"><div class=\"porto-sicon-top\"><div id=\"porto-icon-101139614869e4aa1049916\" class=\"porto-just-icon-wrapper  \"><div class=\"align-icon\" style=\"text-align:center;\">\n<div class=\"porto-icon none \"  style=\"color:#8e0006;font-size:38px;display:inline-block;\">\n\t<i class=\"fas fa-cogs\"><\/i>\n<\/div><\/div><\/div><\/div><div class=\"porto-sicon-header\" ><h3 class=\"porto-sicon-title\" style=\"font-size:20px;\">Producci\u00f3n<\/h3><\/div> <!-- header --><div class=\"porto-sicon-description\" style=\"\">A trav\u00e9s de dos largas cadenas de producci\u00f3n, que utilizan las tecnolog\u00edas m\u00e1s avanzadas del sector fabricamos nuestras placas de escayola para techos, que son secadas de manera tradicional por viento y sol en una amplia zona de secadero. Tras el secado, las placas son empaquetadas en palets a fin de optimizar el espacio y la carga, reducir los costes del env\u00edo y facilitar al profesional un formato de trabajo econ\u00f3mico y manejable.<\/div> <!-- description --><\/div> <!-- porto-sicon-box --><\/div>[\/vc_column_inner][vc_column_inner width=&#8221;1\/3&#8243;]<div class=\"porto-sicon-wrapper text-left style_1\"><div class=\"porto-sicon-box top-icon\"><div class=\"porto-sicon-top\"><div id=\"porto-icon-111353949069e4aa1049bdb\" class=\"porto-just-icon-wrapper  \"><div class=\"align-icon\" style=\"text-align:center;\">\n<div class=\"porto-icon none \"  style=\"color:#8e0006;font-size:38px;display:inline-block;\">\n\t<i class=\"fas fa-truck-moving\"><\/i>\n<\/div><\/div><\/div><\/div><div class=\"porto-sicon-header\" ><h3 class=\"porto-sicon-title\" style=\"font-size:20px;\">Distribuci\u00f3n<\/h3><\/div> <!-- header --><div class=\"porto-sicon-description\" style=\"\">Por \u00faltimo, distribuimos nuestros productos mediante una flota propia de veh\u00edculos, lo que nos permite cumplir con los compromisos de servicio en los plazos previstos.<\/div> <!-- description --><\/div> <!-- porto-sicon-box --><\/div>[\/vc_column_inner][vc_column_inner width=&#8221;1\/3&#8243;]<div class=\"porto-sicon-wrapper text-left style_1\"><div class=\"porto-sicon-box top-icon\"><div class=\"porto-sicon-top\"><div id=\"porto-icon-164271478869e4aa1049e51\" class=\"porto-just-icon-wrapper  \"><div class=\"align-icon\" style=\"text-align:center;\">\n<div class=\"porto-icon none \"  style=\"color:#8e0006;font-size:38px;display:inline-block;\">\n\t<i class=\"fas fa-users\"><\/i>\n<\/div><\/div><\/div><\/div><div class=\"porto-sicon-header\" ><h3 class=\"porto-sicon-title\" style=\"font-size:20px;\">Personal<\/h3><\/div> <!-- header --><div class=\"porto-sicon-description\" style=\"\">Disponemos tambi\u00e9n de un equipo de profesionales dedicado al sector de la decoraci\u00f3n y la restauraci\u00f3n de antig\u00fcedades, que a trav\u00e9s de un trabajo artesano confeccionan piezas \u00fanicas con un acabado perfecto en cualquier trabajo de interiorismo (molduras, baquetones, escocias, frisos, cornisas, apliques, m\u00e9nsulas, columnas, pilastras, b\u00f3vedas, c\u00fapulas, aros, florones, etc).<\/div> <!-- description --><\/div> <!-- porto-sicon-box --><\/div>[\/vc_column_inner][\/vc_row_inner][\/vc_column][\/vc_row][vc_row full_width=&#8221;stretch_row&#8221; is_section=&#8221;yes&#8221; section_skin=&#8221;parallax&#8221; remove_margin_top=&#8221;yes&#8221; remove_margin_bottom=&#8221;yes&#8221; remove_padding_top=&#8221;yes&#8221; remove_padding_bottom=&#8221;yes&#8221;][vc_column]<div class=\"porto-map-section \"><section class=\"map-content\"><div class=\"container\"><div class=\"porto-carousel owl-carousel has-ccols ccols-xl-6 ccols-lg-4 ccols-md-3 ccols-sm-2 ccols-1 m-t\" data-plugin-options=\"{&quot;stagePadding&quot;:0,&quot;margin&quot;:0,&quot;autoplay&quot;:&quot;yes&quot;,&quot;autoplayTimeout&quot;:5000,&quot;autoplayHoverPause&quot;:false,&quot;items&quot;:6,&quot;lg&quot;:4,&quot;md&quot;:3,&quot;sm&quot;:2,&quot;xs&quot;:1,&quot;nav&quot;:false,&quot;dots&quot;:&quot;yes&quot;,&quot;animateIn&quot;:&quot;&quot;,&quot;animateOut&quot;:&quot;&quot;,&quot;loop&quot;:&quot;yes&quot;,&quot;center&quot;:false,&quot;video&quot;:false,&quot;lazyLoad&quot;:false,&quot;fullscreen&quot;:false}\">[vc_single_image image=&#8221;622&#8243; img_size=&#8221;&#8221; alignment=&#8221;center&#8221; onclick=&#8221;custom_link&#8221; link=&#8221;#&#8221; css=&#8221;.vc_custom_1554113468065{margin-right: 10px !important;margin-left: 10px !important;}&#8221;][vc_single_image image=&#8221;621&#8243; img_size=&#8221;&#8221; alignment=&#8221;center&#8221; onclick=&#8221;custom_link&#8221; link=&#8221;#&#8221; css=&#8221;.vc_custom_1554113487489{margin-right: 10px !important;margin-left: 10px !important;}&#8221;][vc_single_image image=&#8221;620&#8243; img_size=&#8221;&#8221; alignment=&#8221;center&#8221; onclick=&#8221;custom_link&#8221; link=&#8221;#&#8221; css=&#8221;.vc_custom_1554113496431{margin-right: 10px !important;margin-left: 10px !important;}&#8221;][vc_single_image image=&#8221;619&#8243; img_size=&#8221;&#8221; alignment=&#8221;center&#8221; onclick=&#8221;custom_link&#8221; link=&#8221;#&#8221; css=&#8221;.vc_custom_1554113505017{margin-right: 10px !important;margin-left: 10px !important;}&#8221;][vc_single_image image=&#8221;618&#8243; img_size=&#8221;&#8221; alignment=&#8221;center&#8221; onclick=&#8221;custom_link&#8221; link=&#8221;#&#8221; css=&#8221;.vc_custom_1554113515240{margin-right: 10px !important;margin-left: 10px !important;}&#8221;][vc_single_image image=&#8221;617&#8243; img_size=&#8221;&#8221; alignment=&#8221;center&#8221; onclick=&#8221;custom_link&#8221; link=&#8221;#&#8221; css=&#8221;.vc_custom_1554113521961{margin-right: 10px !important;margin-left: 10px !important;}&#8221;][vc_single_image image=&#8221;616&#8243; img_size=&#8221;&#8221; alignment=&#8221;center&#8221; onclick=&#8221;custom_link&#8221; link=&#8221;#&#8221; css=&#8221;.vc_custom_1554113530809{margin-right: 10px !important;margin-left: 10px !important;}&#8221;][vc_single_image image=&#8221;615&#8243; img_size=&#8221;&#8221; alignment=&#8221;center&#8221; onclick=&#8221;custom_link&#8221; link=&#8221;#&#8221; css=&#8221;.vc_custom_1554113544624{margin-right: 10px !important;margin-left: 10px !important;}&#8221;][vc_single_image image=&#8221;614&#8243; img_size=&#8221;&#8221; alignment=&#8221;center&#8221; onclick=&#8221;custom_link&#8221; link=&#8221;#&#8221; css=&#8221;.vc_custom_1554113558169{margin-right: 10px !important;margin-left: 10px !important;}&#8221;][vc_single_image image=&#8221;613&#8243; img_size=&#8221;&#8221; alignment=&#8221;center&#8221; onclick=&#8221;custom_link&#8221; link=&#8221;#&#8221; css=&#8221;.vc_custom_1554113564952{margin-right: 10px !important;margin-left: 10px !important;}&#8221;][vc_single_image image=&#8221;612&#8243; img_size=&#8221;&#8221; alignment=&#8221;center&#8221; onclick=&#8221;custom_link&#8221; link=&#8221;#&#8221; css=&#8221;.vc_custom_1554113576911{margin-right: 10px !important;margin-left: 10px !important;}&#8221;][vc_single_image image=&#8221;611&#8243; img_size=&#8221;&#8221; alignment=&#8221;center&#8221; onclick=&#8221;custom_link&#8221; link=&#8221;#&#8221; css=&#8221;.vc_custom_1554113587775{margin-right: 10px !important;margin-left: 10px !important;}&#8221;][vc_single_image image=&#8221;610&#8243; img_size=&#8221;&#8221; alignment=&#8221;center&#8221; onclick=&#8221;custom_link&#8221; link=&#8221;#&#8221; css=&#8221;.vc_custom_1554113593936{margin-right: 10px !important;margin-left: 10px !important;}&#8221;]<\/div><\/div><\/section><\/div>[\/vc_column][\/vc_row]<\/p>\n","protected":false},"excerpt":{"rendered":"<p>[vc_row wrap_container=&#8221;yes&#8221; is_section=&#8221;yes&#8221; section_skin=&#8221;parallax&#8221; remove_margin_top=&#8221;yes&#8221; remove_margin_bottom=&#8221;yes&#8221;][vc_column][vc_custom_heading text=&#8221;Escayolas de San Gin\u00e9s&#8221; use_theme_fonts=&#8221;yes&#8221;][vc_column_text el_class=&#8221;m-b-lg&#8221;]Dedicados desde 1980 a la fabricaci\u00f3n de materiales de construcci\u00f3n en escayola. Hoy somos la empresa que lidera el sector en la Regi\u00f3n de Murcia. Nuestros esfuerzos continuados en mejorar y satisfacer a un mercado cada d\u00eda m\u00e1s exigente y competitivo ha ido adaptando [&hellip;]<\/p>\n","protected":false},"author":1,"featured_media":0,"parent":0,"menu_order":0,"comment_status":"closed","ping_status":"closed","template":"","meta":[],"_links":{"self":[{"href":"http:\/\/www.escayolasdesangines.com\/web\/wp-json\/wp\/v2\/pages\/143"}],"collection":[{"href":"http:\/\/www.escayolasdesangines.com\/web\/wp-json\/wp\/v2\/pages"}],"about":[{"href":"http:\/\/www.escayolasdesangines.com\/web\/wp-json\/wp\/v2\/types\/page"}],"author":[{"embeddable":true,"href":"http:\/\/www.escayolasdesangines.com\/web\/wp-json\/wp\/v2\/users\/1"}],"replies":[{"embeddable":true,"href":"http:\/\/www.escayolasdesangines.com\/web\/wp-json\/wp\/v2\/comments?post=143"}],"version-history":[{"count":32,"href":"http:\/\/www.escayolasdesangines.com\/web\/wp-json\/wp\/v2\/pages\/143\/revisions"}],"predecessor-version":[{"id":857,"href":"http:\/\/www.escayolasdesangines.com\/web\/wp-json\/wp\/v2\/pages\/143\/revisions\/857"}],"wp:attachment":[{"href":"http:\/\/www.escayolasdesangines.com\/web\/wp-json\/wp\/v2\/media?parent=143"}],"curies":[{"name":"wp","href":"https:\/\/api.w.org\/{rel}","templated":true}]}}